?
-1668
In base 11, what is 24 - -8685?
86a9
In base 7, what is -12400 - -1?
-12366
In base 4, what is -3201 - -2301?
-300
In base 8, what is -660 + -21?
-701
In base 15, what is 612 + -d?
604
In base 15, what is -4a7 + 3?
-4a4
In base 4, what is 10 + 11020021212?
11020021222
In base 15, what is -16 + 1808?
17e2
In base 12, what is 7b785 + -5?
7b780
In base 9, what is -782 + 2?
-780
In base 2, what is -1101 + 1001111011?
1001101110
In base 10, what is 38 - 10316?
-10278
In base 9, what is 145322 + -2?
145320
In base 8, what is 42203 - 313?
41670
In base 7, what is 65024 + -36?
64655
In base 13, what is -13b172 + 0?
-13b172
In base 14, what is -80 + 7b?
-3
In base 5, what is 3344 + 1?
3400
In base 2, what is 0 + 1001001001000100000?
1001001001000100000
In base 15, what is 5504 - 8?
54eb
In base 11, what is a + 5740?
574a
In base 15, what is 92 + -196?
-104
In base 12, what is 186 + -35?
151
In base 16, what is 3 - 240b?
-2408
In base 7, what is 212026 - -3?
212032
In base 8, what is 2 - -13541?
13543
In base 15, what is 3 - d006e?
-d006b
In base 14, what is d - 1289?
-127a
In base 3, what is -11 - -211210210111?
211210210100
In base 14, what is -4c5a8 - 3?
-4c5ab
In base 2, what is 1 + 11001001111000000?
11001001111000001
In base 3, what is 11122 - 2101120?
-2012221
In base 15, what is dde1 + -4?
dddc
In base 6, what is 15125 + 41?
15210
In base 6, what is 10221 + 223?
10444
In base 8, what is 365 - -410?
775
In base 10, what is -2 + 304149?
304147
In base 16, what is 4b2b5 + 3?
4b2b8
In base 6, what is 2 + -1145224?
-1145222
In base 12, what is 266 + -10?
256
In base 16, what is -2b + -1464?
-148f
In base 13, what is 1a8b - -5?
1a93
In base 13, what is -264 - 26c?
-503
In base 15, what is a509 - -1?
a50a
In base 4, what is -1323 + 2232102?
2230113
In base 12, what is -411 + -40?
-451
In base 6, what is -453403 + -5?
-453412
In base 5, what is 242031302 - -1?
242031303
In base 10, what is -64 + -341?
-405
In base 2, what is -101000110100010 - 1001000?
-101000111101010
In base 2, what is 1100110000 - 110001?
1011111111
In base 12, what is 0 + 2a464?
2a464
In base 9, what is -130577 + 2?
-130575
In base 13, what is 1976c9 + -3?
1976c6
In base 12, what is -22 - a96?
-ab8
In base 10, what is -4 + 15504?
15500
In base 7, what is -1641 + -111?
-2052
In base 4, what is -100210 + -202?
-101012
In base 14, what is 4b - -1b18?
1b65
In base 10, what is 5 + -616710?
-616705
In base 5, what is -314423 + 10?
-314413
In base 4, what is 3003032 - 1?
3003031
In base 6, what is -2030411 - -4?
-2030403
In base 6, what is -355 - 32522?
-33321
In base 15, what is -243 - 2c3?
-516
In base 13, what is -102 + -361?
-463
In base 13, what is 26 - -204?
22a
In base 7, what is 4315136 - 4?
4315132
In base 12, what is -2a6127 - -2?
-2a6125
In base 14, what is -112 - -1d7?
c5
In base 11, what is a72a66 - 5?
a72a61
In base 13, what is -20 + -60b4?
-6104
In base 9, what is 58271 - 4?
58266
In base 6, what is -32 + 1354213?
1354141
In base 16, what is -5c7a9 - 4?
-5c7ad
In base 6, what is -25402 + -11?
-25413
In base 12, what is 37474 - -6?
3747a
In base 12, what is 11212a2 + 5?
11212a7
In base 12, what is -2 - 1904?
-1906
In base 2, what is 11111110110001000100 - 110?
11111110110000111110
In base 2, what is -1110000000110011111 - 11?
-1110000000110100010
In base 14, what is -4 + cbd9?
cbd5
In base 12, what is 36 + 310?
346
In base 8, what is 4 - 1035745?
-1035741
In base 12, what is -106 + 19b8?
18b2
In base 9, what is -7445461 + -1?
-7445462
In base 13, what is -24b58 - 6?
-24b61
In base 12, what is -15529 + 5?
-15524
In base 13, what is -22 - -b3c6?
b3a4
In base 3, what is 22200210 + -200101?
22000102
In base 9, what is -26 - -3656?
3630
In base 13, what is 26 + 5ca8?
6001
In base 14, what is 1667 + 62?
16c9
In base 6, what is 103024 - 13?
103011
In base 15, what is 5220 - 2?
521d
In base 14, what is -7 + -c10c?
-c115
In base 4, what is -1 + 10312230?
10312223
In base 10, what is 488527 + -2?
488525
In base 3, what is -100 + -200101?
-200201
In base 10, what is -15 - -1987?
1972
In base 12, what is 606 + -5?
601
In base 2, what is -100 - -1000101100?
1000101000
In base 4, what is -20120 - 2031?
-22211
In base 12, what is 9a57 + 3?
9a5a
In base 4, what is 321221 - -110?
321331
In base 8, what is 3725 + -242?
3463
In base 14, what is -63 + 543?
4c0
In base 2, what is -10011001 - -110100111001?
110010100000
In base 10, what is 6 - -90152?
90158
In base 5, what is -11334013 - 0?
-11334013
In base 12, what is 0 - 14745?
-14745
In base 5, what is -2331 + 410?
-1421
In base 16, what is 742 + 41?
783
In base 6, what is -23 - 1251202?
-1251225
In base 13, what is -8 + 13391?
13386
In base 9, what is -2308455 + 0?
-2308455
In base 3, what is 10 - 120211220?
-120211210
In base 5, what is -44123 - 31?
-44204
In base 16, what is 4 + 8268?
826c
In base 13, what is 1596 - -75?
163b
In base 11, what is -1 - 263a1?
-263a2
In base 4, what is -201 + -2002?
-2203
In base 15, what is -380 - -28?
-357
In base 7, what is 4 - -635320?
635324
In base 5, what is 20 + 323324?
323344
In base 7, what is -1351 - -123?
-1225
In base 8, what is 301050 - 0?
301050
In base 12, what is -4 + -76970b?
-769713
In base 6, what is 135 + -4304?
-4125
In base 6, what is 15055043 - -10?
15055053
In base 14, what is b2c9c - 1?
b2c9b
In base 13, what is 1 - 79a19?
-79a18
In base 15, what is -5 - -3113?
310d
In base 14, what is -13 - 1bd?
-1d2
In base 15, what is 351 + 2e0?
641
In base 4, what is 102 - 332230?
-332122
In base 9, what is -1 - 156784?
-156785
In base 15, what is -6 + 22513?
2250c
In base 11, what is 834aa + 2?
83501
In base 12, what is 2 - 5b82?
-5b80
In base 3, what is 1000022222200 + 0?
1000022222200
In base 10, what is 95572 - 11?
95561
In base 3, what is 1220010020100 + -12?
1220010020011
In base 14, what is -68 - -14d3d?
14cb5
In base 16, what is -56 + 27b6?
2760
In base 10, what is 6 + -381771?
-381765
In base 13, what is 55 - 10961?
-10909
In base 4, what is 110220003 + 13?
110220022
In base 12, what is 351 - 3?
34a
In base 15, what is 4 - 47?
-43
In base 7, what is -4 - 5420002?
-5420006
In base 14, what is 1b2b + -13?
1b18
In base 10, what is 463 - 42?
421
In base 9, what is 844 - -6467?
7422
In base 5, what is 20322 + 301?
21123
In base 2, what is 11001001000 + 100010?
11001101010
In base 14, what is 39c7 + 3?
39ca
In base 11, what is 4 - -165605?
165609
In base 4, what is 130 + 1011300?
1012030
In base 3, what is -12 - 121201102?
-121201121
In base 14, what is -10 - -2735?
2725
In base 13, what is 1271 + 10?
1281
In base 3, what is -22202001 + 102?
-22201122
In base 12, what is -24b547 - -5?
-24b542
In base 11, what is -1 + 66a00?
669aa
In base 7, what is 3 - -335401?
335404
In base 12, what is -88a5 + -7?
-88b0
In base 13, what is 129 - -127?
253
In base 15, what is 3e88 + 4?
3e8c
In base 6, what is 1100041 - -3?
1100044
In base 12, what is -5 - -8529?
8524
In base 13, what is -5 - -187c5?
187c0
In base 4, what is -1202202 + 32212?
-1103330
In base 11, what is 13100 + -7?
130a4
In base 2, what is 1111 + 1110110110?
1111000101
In base 4, what is 201002220 + 11?
201002231
In base 5, what is -14311441 - 2?
-14311443
In base 15, what is 2dd27 - -a?
2dd32
In base 9, what is 4 + -736860?
-736855
In base 5, what is 1 + -132321323?
-132321322
In base 14, what is 6d3b - -19?
6d56
In base 7, what is 0 - 1004?
-1004
In base 14, what is 1c + -3a?
-1c
In base 14, what is a8d0 + -4?
a8ca
In base 3, what is -2 - 221110120?
-221110122
In base 7, what is -1142 - 10014?
-11156
In base 4, what is -1 + -122330?
-122331
In base 5, what is -3141 - -33?
-3103
In base 14, what is 1 - 18cb?
-18ca
In base 3, what is 1 - 1000221010120?
-1000221010112
In base 15, what is -400 + 177?
-278
In base 12, what is -b8 + 311?
215
In base 10, what is 189 - 2577?
-2388
In base 15, what is 16 - 5848?
-5832
In base 2, what is -1000011000 + -10010?
-1000101010
In base 8, what is -2703 + -11?
-2714
In base 15, what is 1 - 2d8db?
-2d8da
In base 5, what is -11 + -234240?
-234301
In base 8, what is -7 - 2321?
-2330
In base 5, what is -2102410 - 4?
-2102414
In base 11, what is 6 - -4a24?
4a2a
In base 8, what is 23 + -4376?
-4353
In base 12, what is -139b - 513?
-18b2
In base 15, what is -14a7 - 6?
-14ad
In base 5, what is -320 + 110